+ 5*h + 13, b - h - 5 = -0*b. Let d = 44 - b. What is the remainder when d is divided by 10?
8
Suppose 2*c + 15 - 71 = 0. Calculate the remainder when 102 is divided by c.
18
Let r be -2 - 1*84/(-3). Suppose -2*v - 4*n = -r, -4*v + 2*n + 36 = 6*n. Calculate the remainder when v is divided by 3.
2
Suppose 3*t + 0*t + 226 = -h, 2*h - 241 = 3*t. Let f = -24 - t. Let a = -17 + f. What is the remainder when a is divided by 13?
10
Suppose 4*a = 5*a - 2*o - 8, a = -o - 1. Suppose 15 = 5*b, 2*z + 2*z = a*b + 10. Suppose 0 = -z*v + 2*v + 20. What is the remainder when v is divided by 4?
2
Let a = 10 + -6. Suppose -a*g + 4 = -0. Suppose -11 = -x + g. Calculate the remainder when 23 is divided by x.
11
Suppose 0 = 13*m - 31*m + 54. Calculate the remainder when 2*(2 - 3*-1) is divided by m.
1
Let x(o) = -o**2 - 5*o + 4. Let d be x(-4). Suppose -3*p - p + d = 0. What is the remainder when 5 is divided by p?
1
Let d = 35 + -26. Suppose 2*t + 6 = 2*h, -h - 2*t + d = -t. Calculate the remainder when 17 is divided by h.
5
Suppose -4*x = g + 4, 3*g + 3*x - 38 = x. Suppose 6*z = 4*z + 12. What is the remainder when g is divided by z?
4
Let f = 36 - 7. Calculate the remainder when f is divided by 17.
12
Suppose 0 = p - 4*x - 17, -9 + 28 = p - 5*x. What is the remainder when 24 is divided by p?
6
Let z = 59 + -28. What is the remainder when 400 is divided by z?
28
Calculate the remainder when 18 is divided by 2/(((-4)/7)/(-2)).
4
Let s(a) = 4*a - 4. Let w = -29 + 74. Calculate the remainder when w is divided by s(5).
13
Let w = -8 - -12. What is the remainder when 22 is divided by w?
2
Let g = 33 - 17. Calculate the remainder when (94/4)/((-2)/(-4)) is divided by g.
15
Let r be (1/(-2))/((-8)/(-256)). Let z = 25 + r. What is the remainder when 35 is divided by z?
8
Let q(h) = h**3 + 11*h**2 - 14*h - 5. Calculate the remainder when q(-12) is divided by 10.
9
Let a(k) = -5*k**2 + 2*k + 4*k**2 - 27*k**3 + 5 - 3. Calculate the remainder when a(-1) is divided by 7.
5
Let s(m) be the third derivative of -m**5/60 - 3*m**4/8 + m**3/6 + m**2. Calculate the remainder when 44 is divided by s(-8).
8
Let w = -8 - -6. What is the remainder when (26/(-2))/(0 + -1) is divided by (-1)/((-1)/w) + 9?
6
Suppose -2*g + 0 = -6. Calculate the remainder when (-8)/6*(5 + -11) is divided by g.
2
Let r = -105 + 188. What is the remainder when r is divided by 21?
20
Suppose -h = 4*d - 35, -2*h + 12 = 2*h. What is the remainder when d is divided by 4?
0
Let p = -115 - -206. Calculate the remainder when p is divided by 31.
29
Let m = 54 + 83. What is the remainder when m is divided by 23?
22
Let y(i) = -i**3 + i + 14. Let z be 0/((-1)/((-3)/9)). Let b be y(z). Let u = b - 10. Calculate the remainder when 6 is divided by u.
2
Suppose 2*l + i - 38 = 0, 3*l + 4*i = 5*l - 28. Let w = 90 + -39. What is the remainder when w is divided by l?
15
Calculate the remainder when 1400/36 - (-10)/90 is divided by 11.
6
Calculate the remainder when -8*4/(-48) - 398/(-6) is divided by 34.
33
Let g = -4 + 12. Let i be (-2 - -1)/(3/(-51)). Let u = 39 - i. What is the remainder when u is divided by g?
6
Let s(k) = -k**3 - 4*k**2 - 13*k - 5. Calculate the remainder when s(-7) is divided by 39.
38
Let t(o) = -o - 2. Let l be (-2)/(-5) + (-34)/10. What is the remainder when t(l) is divided by 1?
0
Let o(c) = -2*c + 2. Let s be -7*(-2)/(-14)*6. Calculate the remainder when 25 is divided by o(s).
11
Let p(g) = g**3 + 6*g**2 + 4*g - 3. What is the remainder when (-2)/(-10) - (-19)/5 is divided by p(-5)?
0
Let s = -11 - -12. Calculate the remainder when 1 is divided by s.
0
Let g = -14 + 49. Suppose 45 = 2*b - 75. Suppose 7*w - b = 2*w. Calculate the remainder when g is divided by w.
11
Suppose -v + 7 = -5. Suppose 0 + 4 = 4*m. Calculate the remainder when 1 + -2 - (-24)/m is divided by v.
11
Let v(f) = f**2 - 3*f - 6. Let b(d) = -2*d - 10. Let w(p) = 3*p + 7. Let x be w(-5). Calculate the remainder when b(x) is divided by v(5).
2
Suppose -2*c + 16 = 2*c. Calculate the remainder when 6 is divided by c.
2
Let k(n) = 2*n - 4. Let q be k(3). Suppose 5*r - 55 = -5*s, 5*s - r = -q*r + 39. What is the remainder when 13 is divided by s?
6
Let p(m) = m**3 + 6*m**2 + 6*m + 3. Let q be p(-5). Calculate the remainder when 22 is divided by -2 - (0 + -16 - q).
10
Let k = 48 + -28. What is the remainder when 39 is divided by k?
19
Suppose h + 1 - 10 = 0. Calculate the remainder when h is divided by 6.
3
Suppose 2*l - 6*l + 64 = 0. Let h = 76 + -20. Suppose -20 = 4*u - h. What is the remainder when l is divided by u?
7
Let k be (-2)/9 - 40/(-18). Calculate the remainder when 4 is divided by 5*(12/5 - k).
0
Let s be (-5)/(-15) - (-10)/6. Suppose 0 = -2*k + 2*m + 22, -18 - s = -k + 4*m. What is the remainder when k is divided by 4?
0
Let v(o) = o**2 - o + 57. Calculate the remainder when v(0) is divided by 217/14 + 1/(-2).
12
Let i(d) = -d - 4. Let y be ((-21)/9 - -3)*-3. Let w = y + 5. What is the remainder when w is divided by i(-6)?
1
Let y(o) = -5*o + 12. Let f(r) = -3*r + 6. Let v(k) = 9*f(k) - 4*y(k). Let c be v(-9). Let t = c - 30. What is the remainder when t is divided by 10?
9
Let d(v) = -30*v - 2. Let m be d(-5). Suppose -u + 5*u = m. Let i(j) = -6*j - 5. Calculate the remainder when u is divided by i(-4).
18
Let x be (-1 - 1)*4/(-2). Let b be (-1 - -3)*10/x. Suppose -3*j + 6*j = -5*k + 47, k - 3*j = -b. What is the remainder when k is divided by 3?
1
Let p = -29 - -43. Suppose 4*c - 2*l - 132 = 0, 3*l - 2 = 2*l. Suppose 4*d = -p + c. Calculate the remainder when 14 is divided by d.
4
Let f(p) = 59*p - 1. Let t be f(-1). What is the remainder when 22 is divided by (4/10)/((-2)/t)?
10
Suppose -36 = 7*t - 8*t. Calculate the remainder when 71 is divided by t.
35
Suppose -h = -6*i + i - 32, 0 = -h - 4*i + 50. Suppose 2*u = -w - 2*u + 14, -3*w - u = -h. Calculate the remainder when 53 is divided by w.
11
What is the remainder when ((-1)/3)/(12/(-1908)) is divided by 14?
11
Suppose -96 - 39 = -5*g. Let l(k) be the first derivative of 4*k**3/3 + k**2 + 2*k + 2. Calculate the remainder when g is divided by l(-2).
13
Suppose 0*o + 3*o = 81. Suppose -21 = -3*q + o. Let r(l) = l**2 + 3*l + 46. Calculate the remainder when r(0) is divided by q.
14
Let t(j) = j**2 + 5*j - 3. Suppose 3*l - 45 = -2*k - 11, -k + 5 = 0. Calculate the remainder when l is divided by t(-6).
2
Let r(u) = 5*u + 13. Calculate the remainder when r(8) is divided by 28.
25
Let v = 10 + -8. Suppose -3*z = 3*l + 2*z + 12, -4*l - v = 2*z. Calculate the remainder when l is divided by 1.
0
Suppose 3*w - 3 - 3 = 0. Let k = 0 + 1. Calculate the remainder when w is divided by k.
0
Suppose -2*p + 3 = -5*p. Let m = p - -1. Suppose 5*y + 5*r - 30 = 0, -2*y - 18 = -m*y - 4*r. What is the remainder when y is divided by 1?
0
Let h = 34 - 20. Calculate the remainder when 39 is divided by h.
11
Let o(v) = -2*v - 7. Let r be o(-5). Suppose -3 + 21 = r*f. Let u = f + -3. Calculate the remainder when u is divided by 2.
1
Let v(l) be the second derivative of l**3/6 - l**2 - 3*l. Suppose 3*j - 1 = 2*b - 33, 3*j - 8 = -2*b. What is the remainder when 14 is divided by v(b)?
6
Let m(b) = b**2 + 3*b - 8. Let l be m(-5). Calculate the remainder when (-1001)/(-22) - l/(-4) is divided by 12.
10
Let j = -3 + 8. Let v = 12 + -8. Suppose -j*x = n - 71, 3*n = v*x + n - 54. What is the remainder when 40 is divided by x?
12
Suppose 13*w = 11*w + 86. What is the remainder when w is divided by (-107)/(-7) + (-10)/35?
13
Suppose -3*w + 2 = -2*w. Suppose -w*y + 80 = -y. Suppose -2*i + 8 = -y. What is the remainder when i is divided by 15?
14
Calculate the remainder when 261/2 - (-19)/(-38) is divided by 23.
15
Suppose 3*d - 5 - 76 = 0. Suppose -6 = -4*q + 14, y - d = -4*q. Let i = 57 - 37. What is the remainder when i is divided by y?
6
Calculate the remainder when ((-7)/(28/(-136)))/2 is divided by 6.
5
What is the remainder when 263*(1 + 0) - 3/(-1) is divided by 67?
65
Suppose g + 3 = 17. Calculate the remainder when 11 is divided by 7*1*12/g.
5
Let y(g) = g**2 - g + 25. Let h(f) = -f**2 - 2*f - 2. Let a be h(-3). Let i(j) = -j**3 - 3*j**2 + 6*j - 7. What is the remainder when y(0) is divided by i(a)?
12
Suppose 3*m = -5*b + 527, 0*b - b = m - 107. Suppose 2*s - b = i, 5*s = -i - 4*i + 220. What i